*-2. Suppose r + l = 8. What are the prime factors of r?
7
Let b = 2 - -15. Suppose -2*q = 3*h - 0*q + 25, -4*q - 41 = 5*h. Let z = b + h. List the prime factors of z.
2
Let c = 25 + -11. Suppose 4*x - 42 = c. What are the prime factors of x?
2, 7
List the prime factors of (-432)/126*(-2 - (31 - -2)).
2, 3, 5
Let y = -50 + 73. What are the prime factors of y?
23
Suppose 12 = i - 0*i. Suppose -2*q - q = -3*w - i, 3*w + 12 = 4*q. Suppose 0 = -q*p + 2*p - 4*z, -2*p = z - 5. List the prime factors of p.
2
Let n(a) = a - 5. Let o be n(8). Suppose 0 = -c + o*m + 15, 4*m = 4*c - 9*c + 18. What are the prime factors of c?
2, 3
Let t(b) = b**2 + 4*b + 5. Let s be t(-3). List the prime factors of (-666)/(-15) + s/(-5).
2, 11
Let d(j) = -j**3 - 4*j**2 + 2*j - 7. Let v be d(-5). Let s(g) = -4 + 0 + 8 - 2 + 8*g - g**2. What are the prime factors of s(v)?
2
Suppose -4*v + 2*n + 722 = 4*n, 2*v + 2*n = 362. Suppose -6*j + v = -j. Suppose -h = 2*l, 5*h + 4*l = j - 12. List the prime factors of h.
2
Suppose -1 = -3*y - 25. Let r = 12 + y. What are the prime factors of r?
2
Let u(n) = -5*n - 6. What are the prime factors of u(-14)?
2
Let p(f) be the first derivative of 4*f**3/3 + f**2 - f - 6. What are the prime factors of p(-3)?
29
Suppose -5*u + 82 = -3*d, -3*u = -u + d - 35. List the prime factors of u.
17
Let p(q) = -q**3 - 5*q**2 - 2*q + 5. Let s be p(-5). Suppose b - 4*b + s = 0. List the prime factors of b.
5
Let s(j) = -j + 14. What are the prime factors of s(-6)?
2, 5
Suppose -80 - 4 = -6*y. List the prime factors of y.
2, 7
Suppose 0 = -3*d + 3. Let s = 24 + -26. Let m = d - s. What are the prime factors of m?
3
Suppose -4*p + 0*w + 405 = 3*w, -2*w = -p + 104. List the prime factors of p.
2, 3, 17
Let t = 5 - 0. Suppose 0*o + o - t = 0. Suppose 0 = o*q - 2 - 18. List the prime factors of q.
2
Suppose -t = 0, 6*p - 3*t - 15 = p. Suppose -p*u + 5*a + 0*a + 32 = 0, 0 = -5*a - 5. What are the prime factors of u?
3
Let b(o) = -18*o + 6. Let i be b(-3). Suppose 0 = -5*n + 40 + i. List the prime factors of n.
2, 5
Let l(u) = -u**2 + u + 6. Let w be l(7). List the prime factors of (-728)/w + (-4)/18.
2, 5
Let w be -25 + -3*(4 - 3). Let b = w - -56. List the prime factors of b.
2, 7
Let m = -7 + 7. Suppose m = 2*t - 79 + 19. List the prime factors of t.
2, 3, 5
Let x be (-4)/10 - 63/5. Let b = -9 - x. What are the prime factors of b?
2
Let d = -8 + 6. Let r = d - -3. List the prime factors of (-7)/(-2) - r/(-2).
2
Let w(m) = m**2 + 8. Let o be w(-6). Suppose 3*v = 4*y - o, -3*y + 37 - 1 = -3*v. What are the prime factors of y?
2
Let x = 154 + -96. List the prime factors of x.
2, 29
Let y(k) = k**2 + 3*k - 1. Let s be y(-4). Suppose -3*m - 81 = -4*t, s*t + 3*m - 68 = -2*m. What are the prime factors of t?
3, 7
List the prime factors of (-45)/(-5) + (0 - 2).
7
Suppose 0 = -4*i - 19 + 7. Let q be -1 - 801/i - -2. List the prime factors of (-2)/14 + q/14.
19
Let i = -4 + 1. Let q be (-1)/(-3) - i/(-9). What are the prime factors of -1 - (q - 0) - -14?
13
What are the prime factors of ((-5)/10)/(1/(-42))?
3, 7
Suppose -t + 24 = 4*o, 3*t = -0*t + o + 7. List the prime factors of t.
2
Let v(j) = 2*j**2 + 13*j + 43. What are the prime factors of v(-12)?
5, 7
Let i = 24 + -28. Let m = 55 - 36. Let a = m + i. List the prime factors of a.
3, 5
Let c = -17 + 13. Let u = c + 10. List the prime factors of u.
2, 3
Let u = -35 - -55. What are the prime factors of u?
2, 5
Let i be (-45)/(-3)*2/(-6). Let w = i - -17. List the prime factors of w.
2, 3
Let q be 6/(-15) + 32/5. What are the prime factors of (-15)/(-4) + q/(-8)?
3
Suppose 0*i = -4*i + 28. Suppose 4*r = -5*s - 5, 2*r + 0 = -s - i. What are the prime factors of s?
3
What are the prime factors of (-8)/4 + 2 + 23?
23
Suppose t = 6*t - p - 286, -t = 5*p - 52. List the prime factors of t.
3, 19
Suppose s = -4*y - 2, -4*s - 8 = -4*y + 2*y. Let j(m) = m + 3. Let o be j(y). Suppose -o*b + 18 = -18. List the prime factors of b.
2, 3
Let m = -8 - -10. Suppose 2*c = m*r + 78, 4*c + 2*r - 127 = c. List the prime factors of c.
41
Let h(z) = -z + 3. Let t be h(0). Suppose 6*k = -2*c + 2*k + 96, 0 = -t*c + 2*k + 112. What are the prime factors of c?
2, 5
Let w(c) = -3 + 0*c**3 + 3*c**3 + 16*c - 15*c**2 - 3*c**3 + c**3. What are the prime factors of w(14)?
5
Let f = 7 + 33. What are the prime factors of f?
2, 5
Let k = 13 - 9. Let v(n) = n**2 - n - 2. Let j be v(2). Suppose k*u = -j*u + 44. List the prime factors of u.
11
Let j = -45 - -55. Let d be (-1296)/(-15) - 4/10. List the prime factors of d/j + 3/(-5).
2
Suppose 0 = -2*a - 10, -455 = -5*r + 3*a - 7*a. Suppose -3*b + r - 5 = 0. List the prime factors of b.
2, 3, 5
Suppose -21 - 29 = 5*h. Let y = h - -6. List the prime factors of 3/((-1)/y*2).
2, 3
Suppose 3*f = -4*u - 2*f - 9, -f + 27 = -4*u. Let h be 23/(-2) + 3/(-6). Let w = u - h. What are the prime factors of w?
2, 3
List the prime factors of (0 + 6/(-4))/(18/(-1896)).
2, 79
Suppose 5*s + 2*o + 3 = 39, -5*o + 15 = 0. List the prime factors of ((-27)/s)/(1/(-6)).
3
Suppose 5*a - 11 = -2*n - 91, -4*a = 2*n + 76. What are the prime factors of 42/5 + n/(-50)?
3
Suppose 6*r - 41 + 11 = 0. Let u = r - -10. List the prime factors of u.
3, 5
Suppose 0*t + t = 5. Let w = 0 + 0. Let i = w + t. What are the prime factors of i?
5
Let v(t) = -t**2 + 9. Let n be v(0). Let g = 18 - n. Let y = g - 3. What are the prime factors of y?
2, 3
Let y = -2 - -4. Suppose -2*p + 56 = -z + y*z, 32 = 2*p - 5*z. Let u = p + -18. What are the prime factors of u?
2
Suppose 1 - 21 = 5*w. What are the prime factors of (15/3)/((-1)/w)?
2, 5
Let m be 1/(-2)*0/3. Suppose l + m*l = 4*k - 53, -23 = -4*k - 5*l. What are the prime factors of k?
2, 3
Suppose -3*g - 6 = 0, 4*g + 16 = 2*d - 0*g. Suppose 0 = 3*t + 3*a - 10 + 1, -d*a - 28 = -4*t. List the prime factors of t.
5
Suppose -5*u - 5 = -3*q - 17, -5*q + 8 = u. Suppose -u*b - 3 = -18. What are the prime factors of b?
5
Let c = -71 + 146. What are the prime factors of c?
3, 5
Let b(f) = -6*f**3 - 3*f**2 - f - 2. Let w(z) = 5*z**3 + 2*z**2 + z + 1. Let p(g) = 3*b(g) + 4*w(g). Let h be 3 + -1 - -1 - 1. List the prime factors of p(h).
2, 3
List the prime factors of (-1)/(-7)*1818 - (-92)/322.
2, 5, 13
Suppose 2*v + 5*n - 9 = -29, n + 4 = 0. Let j(a) = a + 6. What are the prime factors of j(v)?
2, 3
Suppose 0 = -5*f + 1 + 19. Suppose 3*x = 3*z + z - 21, 2*z = 3*x + 15. Suppose -f*k = -21 - z. List the prime factors of k.
2, 3
Let a(k) = 23*k - 14. What are the prime factors of a(8)?
2, 5, 17
Let p = -365 - -255. List the prime factors of (p/(-15))/(1/3).
2, 11
Let q = 307 + 2. What are the prime factors of q?
3, 103
Suppose d + 0*d - 9 = 0. Let p = 25 - d. List the prime factors of p.
2
Let s = 9 + 6. Suppose s - 150 = -5*v. Suppose -5*j + 23 + v = 0. What are the prime factors of j?
2, 5
Let z(s) be the first derivative of s**4/4 - s**3/3 - s**2 + 3*s + 3. Let r be z(3). Suppose 4*j - 3*g = 31, j - 3*g - r = 4. List the prime factors of j.
2
Let j(u) = u - 2. Let k be j(4). Suppose k*y = -4*q + 2*q + 2, -2*q = -2. Suppose 2*b + 0 - 22 = y. List the prime factors of b.
11
Let c(j) = -j + 26. List the prime factors of c(-8).
2, 17
Let w(j) = 6*j**3 + j**2 - 2*j + 1. Let z be w(1). Let k(y) = y**2 - 4*y - 4. Let f be k(4). Let x = f + z. What are the prime factors of x?
2
Let w = -6 - 0. Let r be (0 - -1)*(4 + w). List the prime factors of ((-36)/(-21))/(r/(-14)).
2, 3
Let u(m) = -m**3 - 6*m**2 + 10*m + 9. Let d be u(-7). Let h = 36 + d. List the prime factors of (2/(-4))/((-2)/h).
2, 3
Suppose 2*g - 9 = -g. Suppose g*l - 12 - 3 = -w, l - 19 = -5*w. What are the prime factors of w?
3
Let q(n) = 8*n. Let t be q(-1). What are the prime factors of (170/(-40))/(2/t)?
17
Let j(a) = -a**3 - 3*a**2 - a + 4. Suppose -30 = -3*g + g. Suppose -6*p = -p + g. What are the prime factors of j(p)?
7
Suppose 0 = -w + 7*w - 330. List the prime factors of w.
5, 11
Suppose k = -k + 2. Let n be k/2 - (-317)/2. What are the prime factors of n/15 - 2/(-5)?
11
What are the prime factors of -13 + 58 + 2/2?
2, 23
Let j(k) be the first derivative of 5*k**2/2 + 6*k - 7. What are the prime factors of j(9)?
3, 17
Let s(l) = -l**3 - 13*l**2 + 13*l + 6. What are the prime factors of s(-14)?
2, 5
Let j(i) = 5*i**2 - i - 1. Let x(w) = -w**2 +